5
Let r be ((-920)/(-322) - 1/(-7)) + 7. Calculate the greatest common divisor of 790 and r.
10
Let j(y) = y**3 + 9*y**2 - 2*y - 23. Let h be j(-9). Let g be 41 - ((-80)/(-4))/h. What is the greatest common factor of 60 and g?
15
Let d(n) = 0 + 11*n - n + 6 - 5*n + n**2. Let g be d(-10). What is the highest common factor of g and 8?
8
Let t be 2 + 2/((-4)/(-54)). Let o(d) = -d**3 - 23*d**2 - 29*d - 38. Let h be o(-22). Calculate the greatest common factor of t and h.
29
Let g = 100 + -37. Let r = -33 + g. Calculate the highest common divisor of 90 and r.
30
Let h be 1028/4*(-4 - -6). Suppose 3*t - 8*t = 2*n - 266, -4*n + h = t. Calculate the highest common divisor of 16 and n.
16
Suppose 2*d - 16 = -4*w + 4, 2*w + 5*d = 18. Let z(r) = r**2 - r - 8. Let h be z(w). What is the highest common divisor of 36 and h?
4
Suppose 5*f - 9*f + 8 = 0. Suppose -d = -f*d. Let h be (102 - d)*(-18)/(-27). Calculate the highest common divisor of 17 and h.
17
Suppose -2*b = -5*b + 156. Suppose -5*f = -2*n - b, -3*n = -4*f - 4*n + 39. Let a be (-12)/30 - (-164)/f. What is the highest common factor of 64 and a?
16
Suppose -2*z + c + 7 = 2*z, -z + 5*c = 22. Suppose -z*q - 18 = -9*q. What is the highest common factor of q and 21?
3
Let q(o) = -112*o + 1040. Let b be q(9). Suppose 66 - 2 = 2*k. Suppose -3*x + k = x. What is the greatest common divisor of x and b?
8
Suppose 2*m + p - 66 = -3*p, 4*m - 67 = 5*p. What is the greatest common divisor of 299 and m?
23
Let y = -22 + 32. Suppose 55 = -4*k + 375. What is the greatest common divisor of k and y?
10
Let y = -253 - -268. Calculate the highest common factor of 5 and y.
5
Let c be -2*(21/14)/((-1)/(-3)). Let k be (-3)/(-9) + (-483)/c. What is the highest common divisor of k and 54?
54
Let a = -139 - -200. Let j = -37 + a. Suppose 2*s + 20 = 2*x, x + 2 = 5*s + j. What is the greatest common factor of x and 21?
7
Suppose 6*m - 5*c + 2395 = 10*m, 4*m - c - 2401 = 0. What is the highest common factor of 30 and m?
30
Suppose 4*v - 5*j - 891 = 0, 3*v - 812 + 139 = -j. Calculate the greatest common divisor of 7 and v.
7
Let m be 10*8/(-6)*(128 - 137). Suppose 0 = t - 13 - 2. Calculate the highest common factor of m and t.
15
Suppose 65*w = -4*a + 61*w + 68, -88 = -5*a - 4*w. Calculate the greatest common divisor of 9 and a.
1
Let b = 172 + -97. Suppose -3*l - 5*s - b = 0, -l + 3*l = 2*s - 50. Let g = -14 - l. What is the greatest common factor of 44 and g?
11
Let g = 132 - -392. Suppose 62 = -3*i + g. What is the highest common divisor of i and 22?
22
Let d = -55 + 550. Calculate the highest common factor of 45 and d.
45
Suppose -13*q = -17*q + 1660. What is the greatest common factor of q and 166?
83
Let l = -4 + 14. Suppose -b = -5 - l. Let n = b + -9. Calculate the greatest common factor of n and 1.
1
Let b(m) = m**3 - 6*m**2 + 6*m - 1. Let p be b(5). Suppose -5*r + 24 + 196 = 0. Calculate the greatest common factor of p and r.
4
Let y be 0 - -4 - -141 - (-5 - -2). Suppose -2*c + y = 8. Suppose g + 10 = 5*q, 3*g = -3*q - 0*q + 42. Calculate the greatest common factor of c and g.
10
Let u(l) = -l**3 - l**2 + 34. Let y be u(0). Let c = -31 + y. Calculate the greatest common divisor of c and 3.
3
Suppose -4*u = 4*d - 136, -54 = -2*d + 3*u + 2*u. Let l = d - 10. Calculate the highest common factor of 22 and l.
22
Suppose 141 = 16*j - 131. Calculate the greatest common factor of 221 and j.
17
Let t(d) = d**3 - d**2 - d - 4. Let l be t(4). Let p be (-4)/2*(-16 - l). Calculate the highest common divisor of 28 and p.
28
Let d(r) = 81*r - 13. Let l(h) = -40*h + 6. Let y(b) = 2*d(b) + 5*l(b). Let q be y(-2). Calculate the highest common divisor of 200 and q.
40
Suppose -4*k + 3*k = z + 42, 3*z = -6. Let g be 9/15 + (-6216)/k. What is the highest common divisor of 12 and g?
12
Suppose 140 = -t + 3*t + 3*h, 0 = 3*t - 2*h - 210. Suppose 5*y = 7*y - t. Let d be 11 + 2 + 4/(-20)*-5. Calculate the greatest common factor of d and y.
7
Let d(l) = l**2 + l - 1. Let a(f) = 3*f**2 - 5*f + 15. Let g(i) = -a(i) + 4*d(i). Let v be g(3). Calculate the greatest common divisor of 136 and v.
17
Let d = 11 - 5. Let w = -10 - -1. Let x = w + 18. What is the highest common divisor of x and d?
3
Suppose 0 = 14*f - 3*f - 154. Suppose q = 18 - f. What is the greatest common factor of q and 4?
4
Let h be (-14)/(-2*1/7). Let u = -157 - -241. Let r = -77 + u. Calculate the greatest common divisor of h and r.
7
Suppose 3*g - 9 = 0, u - 16 = -10*g + 6*g. Suppose -2*s = t - 376, -u*s + 2*t + 0*t = -760. Calculate the highest common factor of s and 9.
9
Let p = 596 - 354. Calculate the highest common divisor of p and 847.
121
Let r be (-4 + 84)/((-1)/(-4)). Calculate the highest common factor of r and 5.
5
Suppose -u - 124 = -2*u. Suppose -3*q + 2*k + u = -2*k, -4*q = -5*k - 165. Suppose 0 = 4*x + x - q. Calculate the highest common factor of x and 1.
1
Let k be -9*(0/1 + 5). Let b = -29 - k. Calculate the highest common factor of b and 8.
8
Let f be 9/12 - 267/(-12). Let x = -13 + f. Suppose 0*p - 5*p + x = 0. Calculate the highest common factor of 5 and p.
1
Suppose 8 = -5*d + 4*p, 5*d - 3*d - p = -2. Let f = 1 - d. Suppose 29*b - 69*b + 440 = 0. Calculate the highest common divisor of f and b.
1
Suppose -2*r = 3*b + 2 - 7, 4*r = -5*b + 5. Let t(j) = j + 27. Let q be t(r). Calculate the greatest common divisor of 33 and q.
11
Suppose -2*y - 3*y = 0. Suppose 2*t + 2*t - 64 = y. Calculate the highest common factor of t and 144.
16
Suppose -259*m + 254*m + 80 = 0. Suppose -m*j = 125 - 333. Suppose 3*a = -d + 49 + 61, -2*a = 4*d - 420. Calculate the greatest common factor of j and d.
13
Suppose -100*t + 106*t = 1284. What is the greatest common factor of 321 and t?
107
Suppose h = 2, -627 = -c + 3*h - 223. Calculate the greatest common factor of 50 and c.
10
Suppose -3*x - 756 = -7*x. Let w = x - 68. Calculate the highest common factor of w and 11.
11
Let o be 1*4/14 + (-430578)/(-1197). What is the greatest common factor of 264 and o?
24
Let b be ((-3)/((-9)/(-2)))/((-6)/180). Let y(l) = 5*l + 3*l + l**2 - 2*l + 5. Let c be y(-6). Calculate the greatest common divisor of b and c.
5
Let a(t) = -2*t**2 + 24. Let x be a(0). Suppose -3*m - x = -3*i, -2*i + 2*m + 6 = -i. What is the greatest common factor of 5 and i?
5
Let q = 988 - 828. What is the greatest common divisor of 720 and q?
80
Let g = -17 + 25. Suppose -60 = -13*s + 44. Calculate the greatest common factor of g and s.
8
Let b = -58 + 81. Suppose n - r = r + b, 2*n - 10 = -5*r. What is the greatest common divisor of n and 120?
15
Suppose 9*h = 15*h + c - 10, h = -c. What is the highest common divisor of h and 106?
2
Suppose 4*o - 96 = t, 3*o - 72 = -0*t - t. What is the highest common divisor of 42 and o?
6
Let c(o) = 0 - 2 + 10*o + 4. Let a be c(1). Suppose 1044 = 12*z - 108. What is the greatest common factor of z and a?
12
Let u(i) = -i**2 + 10*i + 12. Let s be u(7). Calculate the highest common factor of 66 and s.
33
Let t(v) = 12*v**2 + v + 1. Let s be t(-1). What is the greatest common factor of s and 204?
12
Suppose 15 = -2*m - 1. Let x = m + 15. Calculate the greatest common divisor of x and 35.
7
Let x(b) = -b**2 + 4*b - 2. Let o be x(2). Let n be (-10)/2 - -49 - o. What is the highest common divisor of 14 and n?
14
Let y be -9*(4 + 56/(-12)). Suppose -y*m = -171 + 51. Suppose -2*g - 11 = -w, 6*g - 2*g + m = 0. What is the highest common factor of 3 and w?
1
Suppose 4*p + 4*m - 3*m = 176, 5*p - 235 = -5*m. Suppose -p = -4*w + 53. Calculate the greatest common divisor of w and 60.
12
Suppose -45 + 125 = 5*j. Suppose 2*f + 144 = 4*f + 4*m, -5*f - 3*m + 388 = 0. Calculate the greatest common factor of j and f.
16
Suppose -j - 2*j = -5*g - 5, 5*g - 20 = -2*j. Suppose z + 36 = j*q, -5*z = -0*z - 20. Calculate the highest common factor of 2 and q.
2
Let f(b) = b**2 + 5*b + 2. Let d be f(-5). Suppose d*p = -2*k + 38, 3*p - 2*k - 2*k = 85. Let v = 55 - p. What is the highest common factor of 224 and v?
32
Let l be ((-308)/5)/(16/(-40)). Let y(a) = a**2 + 3*a - 4. Let c be y(-6). What is the highest common factor of c and l?
14
Suppose 280 = -41*p + 51*p. Let v(d) = d**3 - 8*d**2 - 5*d - 8. Let g = 4 - -5. Let q be v(g). Calculate the highest common factor of q and p.
28
Let t(h) = -h**3 + 4*h**2 + 